f 118?
True
Is 6203824 a multiple of 16?
True
Is 1547340 a multiple of 60?
True
Does 180 divide 39420?
True
Is 465920 a multiple of 8?
True
Is 87 a factor of 1948638?
False
Is 292638 a multiple of 34?
True
Does 50 divide 53305?
False
Is 37 a factor of 3330?
True
Is 27 a factor of 807300?
True
Is 39298 a multiple of 10?
False
Does 9 divide 2589128?
False
Is 107 a factor of 5234547?
True
Does 83 divide 23774799?
False
Is 519129 a multiple of 29?
True
Is 80 a factor of 5242540?
False
Does 11 divide 20471?
True
Does 88 divide 828784?
True
Does 666 divide 740593?
False
Is 571 a factor of 8568997?
True
Is 98 a factor of 23290386?
True
Is 552965 a multiple of 12?
False
Does 1596 divide 24656604?
True
Is 89 a factor of 70132?
True
Is 3 a factor of 8706?
True
Is 130 a factor of 25959026?
False
Does 64 divide 1017274?
False
Is 4 a factor of 20832?
True
Does 12 divide 366900?
True
Is 456930 a multiple of 90?
True
Is 267611 a multiple of 25?
False
Is 21 a factor of 9307578?
True
Is 293 a factor of 59015?
False
Is 9369450 a multiple of 18?
True
Is 13171962 a multiple of 33?
False
Is 81 a factor of 890271?
True
Is 964 a factor of 1420749?
False
Is 132310 a multiple of 21?
False
Does 777 divide 296814?
True
Does 4 divide 1104008?
True
Does 8 divide 950128?
True
Is 200049 a multiple of 96?
False
Does 34 divide 326453?
False
Is 914 a factor of 7688?
False
Does 22 divide 24992?
True
Is 431880 a multiple of 61?
True
Is 162 a factor of 6431238?
True
Is 118 a factor of 1586422?
False
Is 48906 a multiple of 38?
True
Is 68 a factor of 9089832?
True
Is 68 a factor of 167756?
True
Is 194 a factor of 477679?
False
Does 8 divide 39?
False
Is 26 a factor of 5464290?
True
Is 73 a factor of 287109?
True
Does 32 divide 486277?
False
Is 16 a factor of 96928?
True
Is 75 a factor of 542960?
False
Does 553 divide 4786768?
True
Is 784416 a multiple of 4?
True
Is 3663696 a multiple of 48?
True
Is 226 a factor of 652010?
True
Is 1391464 a multiple of 142?
False
Is 311112 a multiple of 24?
True
Is 330 a factor of 807213?
False
Does 28 divide 630922?
False
Is 17 a factor of 274294?
False
Is 140509 a multiple of 71?
True
Is 491062 a multiple of 204?
False
Is 10103480 a multiple of 1832?
True
Does 179 divide 1146120?
False
Is 15862482 a multiple of 28?
False
Is 1096084 a multiple of 44?
True
Is 13090688 a multiple of 416?
True
Does 50 divide 2508852?
False
Does 37 divide 428394?
False
Is 1081832 a multiple of 271?
True
Is 6180644 a multiple of 16?
False
Is 26335 a multiple of 5?
True
Is 220 a factor of 3883220?
True
Does 60 divide 13847968?
False
Is 7 a factor of 1701674?
False
Is 275760 a multiple of 10?
True
Does 46 divide 89194?
True
Does 272 divide 3572720?
True
Is 371295 a multiple of 223?
True
Is 3855274 a multiple of 100?
False
Does 34 divide 92956?
True
Is 6 a factor of 232881?
False
Does 28 divide 21575820?
True
Is 3634436 a multiple of 148?
True
Does 1051 divide 4271237?
False
Does 18 divide 44874?
True
Does 39 divide 266169?
False
Is 192 a factor of 2527488?
True
Does 88 divide 5146?
False
Is 288 a factor of 233859?
False
Is 134 a factor of 1048818?
True
Is 19 a factor of 12347660?
False
Is 67 a factor of 749336?
False
Is 30 a factor of 5555677?
False
Is 46305 a multiple of 45?
True
Is 39 a factor of 378417?
True
Does 12 divide 6743787?
False
Is 2280004 a multiple of 198?
False
Is 65689 a multiple of 14?
False
Is 653562 a multiple of 351?
True
Does 14 divide 768362?
True
Is 3170572 a multiple of 4?
True
Does 89 divide 2220194?
True
Is 291 a factor of 1712579?
False
Is 131722 a multiple of 992?
False
Is 7 a factor of 202384?
True
Is 52 a factor of 5840172?
True
Does 416 divide 3246276?
False
Is 683784 a multiple of 12?
True
Is 17 a factor of 65909?
True
Is 13 a factor of 1807039?
True
Does 83 divide 21862449?
True
Does 188 divide 11518760?
True
Is 496118 a multiple of 52?
False
Is 311709 a multiple of 11?
False
Is 37 a factor of 4505894?
False
Is 2 a factor of 3249?
False
Is 3290134 a multiple of 15?
False
Is 58 a factor of 29836?
False
Is 414263 a multiple of 55?
False
Is 8262639 a multiple of 693?
True
Is 63563 a multiple of 17?
True
Does 647 divide 9193794?
False
Is 165964 a multiple of 11?
False
Is 286377 a multiple of 32?
False
Is 30 a factor of 664365?
False
Is 6075646 a multiple of 12?
False
Is 38 a factor of 7553032?
True
Is 214435 a multiple of 13?
True
Does 208 divide 2767943?
False
Does 76 divide 2940373?
False
Is 4733 a multiple of 12?
False
Is 1661711 a multiple of 5?
False
Is 19 a factor of 20112?
False
Is 328985 a multiple of 134?
False
Is 689 a factor of 3348540?
True
Is 304 a factor of 2974944?
True
Does 57 divide 87000?
False
Is 8612091 a multiple of 123?
True
Is 873443 a multiple of 269?
True
Is 1374520 a multiple of 70?
True
Does 21 divide 3706392?
False
Does 6 divide 43932?
True
Is 36 a factor of 70353?
False
Is 536858 a multiple of 63?
False
Does 72 divide 447480?
True
Is 11608435 a multiple of 5?
True
Is 944376 a multiple of 228?
True
Is 62 a factor of 782440?
True
Does 2 divide 59464?
True
Is 2305924 a multiple of 53?
True
Is 35543 a multiple of 12?
False
Does 194 divide 8086639?
False
Does 29 divide 4988589?
False
Does 87 divide 5038576?
False
Is 23324 a multiple of 70?
False
Does 20 divide 14428260?
True
Is 132 a factor of 17688?
True
Is 424787 a multiple of 9?
False
Is 301136 a multiple of 2?
True
Is 5582986 a multiple of 16?
False
Is 168 a factor of 381696?
True
Is 22 a factor of 5403425?
False
Is 15 a factor of 3660844?
False
Is 729470 a multiple of 613?
True
Does 6 divide 53675?
False
Is 105 a factor of 285905?
False
Is 1178438 a multiple of 332?
False
Is 2275476 a multiple of 84?
True
Is 90 a factor of 3914869?
False
Is 1258296 a multiple of 888?
True
Is 9 a factor of 346985?
False
Is 6 a factor of 1320084?
True
Does 142 divide 160318?
True
Does 76 divide 403487?
False
Is 34 a factor of 3903384?
False
Does 4 divide 127212?
True
Is 52 a factor of 576732?
True
Does 1055 divide 10293837?
False
Is 995435 a multiple of 17?
True
Is 63 a factor of 122346?
True
Is 127645 a multiple of 7?
True
Is 508446 a multiple of 601?
True
Is 34 a factor of 312018?
True
Is 3288390 a multiple of 30?
True
Is 70 a factor of 553070?
True
Is 25 a factor of 1805282?
False
Is 442 a factor of 60112?
True
Is 142 a factor of 1437831?
False
Does 162 divide 4182578?
False
Is 3056323 a multiple of 23?
False
Is 41 a factor of 690399?
True
Does 6 divide 687624?
True
Does 294 divide 807096?
False
Is 26 a factor of 8762?
True
Is 5062518 a multiple of 18?
True
Does 21 divide 5513488?
False
Is 242 a factor of 337004?
False
Is 212548 a multiple of 19?
False
Is 1009716 a multiple of 77?
False
Is 51 a factor of 10204986?
False
Does 52 divide 2561899?
False
Is 10 a factor of 278274?
False
Does 763 divide 143927?
False
Is 7 a factor of 812714?
True
Does 15 divide 428697?
False
Is 251427 a multiple of 442?
False
Is 1007969 a multiple of 307?
False
Is 3 a factor of 2063357?
False
Is 7 a factor of 368627?
True
Is 363 a factor of 11733319?
False
Is 293742 a multiple of 176?
False
Does 151 divide 600676?
False
Is 5 a factor of 264795?
True
Is 86688 a multiple of 4?
True
Does 12 divide 6106250?
False
Is 33 a factor of 415418?
False
Is 233 a factor of 1764043?
True
Is 8 a factor of 10934?
False
Is 9 a factor of 88605?
True
Is 795925 a multiple of 137?
False
Is 416 a factor of 3595904?
True
Is 1648 a factor of 10751774?
False
Does 30 divide 530310?
True
Is 159036 a multiple of 348?
True
Is 44 a factor of 25652?
True
Is 39 a factor of 62180?
False
Is 31 a factor of 3142377?
True
Is 964692 a multiple of 34?
False
Is 299 a factor of 1411878?
True
Does 1116 divide 4671576?
True
Is 218378 a multiple of 274?
True
Is 405 a factor of 3809430?
True
Does 8 divide 607626?
False
Does 1071 divide 1218798?
True
Is 266999 a multiple of 8?
False
Is 305219 a multiple of 93?
False
Is 36 a factor of 1234790?
False
Is 40252 a multiple of 52?
False
Does 536 divide 3981163?
False
Is 2463905 a multiple of 5?
True
Is 1758043 a multiple of 11?
False
Is 458217 a multiple of 9?
True
Is 229748 a multiple of 76?
True
Is 42 a factor of 10369842?
True
Is 4138306 a multiple of 1462?
False
Does 2 divide 44299?
False
Is 2255769 a multiple of 243?
True
Does 16 divide 872130?
False
Is 573537 a multiple of 37?
True
Is 223820 a m